{"id":5813,"date":"2024-08-22T13:38:20","date_gmt":"2024-08-22T16:38:20","guid":{"rendered":"http:\/\/miradasfeministas.com\/?page_id=5813"},"modified":"2024-08-22T13:38:20","modified_gmt":"2024-08-22T16:38:20","slug":"nosotras-nos-wir","status":"publish","type":"page","link":"http:\/\/miradasfeministas.com\/index.php\/nosotras-nos-wir\/","title":{"rendered":"Nosotras | N\u00f3s | Wir"},"content":{"rendered":"<p>Das feministische Kollektiv Miradas Feministas ist seit 2018 als Diskussionsgruppe zu feministischen Themen im lateinamerikanischen Kontext aktiv. Mit regelm\u00e4\u00dfigen Treffen und Diskussionen beleuchtet das Kollektiv die vielf\u00e4ltigen Facetten des lateinamerikanischen Feminismus. Dabei legt Miradas Feministas besonderen Wert auf Diversit\u00e4t und hat sich zum Ziel gesetzt, ein starkes Netzwerk mit verschiedenen Fraueninitiativen in und aus der Region aufzubauen.<\/p>\n<p>In Zusammenarbeit mit der <a href=\"https:\/\/www.uni-hamburg.de\/\">Universit\u00e4t Hamburg<\/a>, der <a href=\"https:\/\/w3-hamburg.de\/\">W3_Werkstatt f\u00fcr internationale Kultur und Politik e.V.<\/a>, <a href=\"https:\/\/buergerstiftung-hamburg.de\/\">die B\u00fcrgerStifitung-Hamburg<\/a><b>, <\/b>sowie weiteren Hamburger Kollektiven wie Mujeres Sin Fronteras, Am\u00e9rica Latina Solidaria und Mujeres en Movimiento, gelingt es Miradas Feministas, unterschiedliche Perspektiven und Erfahrungen zu vereinen.<\/p>\n<p>Innerhalb der Treffen von Miradas Feministas sind vor allem Frauen mit akademischem Hintergrund aktiv. Ihr Anliegen ist es, das universit\u00e4re System, die Gesellschaft und den Aktivismus miteinander zu verkn\u00fcpfen, um gegenseitigen Austausch und Lernen zu f\u00f6rdern.<\/p>\n<p>Seit 2024 ist Miradas Feministas Teil des Centro Interdisciplinario de Estudios Latinoamericanos (Ciel e.V.). Ciel e.V. verfolgt das Ziel, Wissenschaft, Forschung, Kunst und Kultur zu f\u00f6rdern, die allgemeine Bildung in migrantischen Gruppen zu unterst\u00fctzen und die Integration von Lateinamerikaner<em>innen in Deutschland zu erleichtern. Ein weiteres Anliegen des Vereins ist die F\u00f6rderung der Entwicklungszusammenarbeit. Zu den Gr\u00fcndungsmitgliedern von Ciel e.V. z\u00e4hlen deutsche und lateinamerikanische Studierende, Doktorand<\/em>innen und Alumnae der Geistes- und Naturwissenschaften der Universit\u00e4t Hamburg sowie Migrant*innen aus Spanien und Lateinamerika, die im Journalismus und Dokumentarfilm t\u00e4tig sind.<\/p>\n<p>Gemeinsam m\u00f6chten Ciel e.V. und Miradas Feministas ein breites Publikum erreichen und sich daf\u00fcr einsetzen, die Universit\u00e4t und die Gesellschaft f\u00fcr die weibliche Realit\u00e4t und Geschichte Lateinamerikas zu sensibilisieren.<\/p>\n<div class=\"sharing-default-minimal post-bottom\"><div class=\"nectar-social default\" data-position=\"\" data-color-override=\"override\"><div class=\"nectar-social-inner\"><a href=\"#\" class=\"nectar-love\" id=\"nectar-love-5813\" title=\"Love this\"> <i class=\"icon-salient-heart-2\"><\/i><span class=\"love-text\">Love<\/span><span class=\"total_loves\"><span class=\"nectar-love-count\">0<\/span><\/span><\/a><a class='facebook-share nectar-sharing' href='#' title='Share this'> <i class='fa fa-facebook'><\/i> <span class='social-text'>Share<\/span> <\/a><a class='linkedin-share nectar-sharing' href='#' title='Share this'> <i class='fa fa-linkedin'><\/i> <span class='social-text'>Share<\/span> <\/a><\/div><\/div><\/div>","protected":false},"excerpt":{"rendered":"<p>Das feministische Kollektiv Miradas Feministas ist seit 2018 als Diskussionsgruppe zu feministischen Themen im lateinamerikanischen Kontext aktiv. Mit regelm\u00e4\u00dfigen Treffen und Diskussionen beleuchtet das Kollektiv die vielf\u00e4ltigen Facetten des.<\/p>\n","protected":false},"author":1,"featured_media":0,"parent":0,"menu_order":0,"comment_status":"closed","ping_status":"closed","template":"","meta":{"amp_status":"","footnotes":""},"class_list":["post-5813","page","type-page","status-publish","hentry"],"yoast_head":"<!-- This site is optimized with the Yoast SEO plugin v24.0 - https:\/\/yoast.com\/wordpress\/plugins\/seo\/ -->\n<title>Nosotras | N\u00f3s | Wir - Miradas Feministas<\/title>\n<meta name=\"robots\" content=\"index, follow, max-snippet:-1, max-image-preview:large, max-video-preview:-1\" \/>\n<link rel=\"canonical\" href=\"http:\/\/miradasfeministas.com\/index.php\/nosotras-nos-wir\/\" \/>\n<meta property=\"og:locale\" content=\"en_US\" \/>\n<meta property=\"og:type\" content=\"article\" \/>\n<meta property=\"og:title\" content=\"Nosotras | N\u00f3s | Wir - Miradas Feministas\" \/>\n<meta property=\"og:description\" content=\"Das feministische Kollektiv Miradas Feministas ist seit 2018 als Diskussionsgruppe zu feministischen Themen im lateinamerikanischen Kontext aktiv. Mit regelm\u00e4\u00dfigen Treffen und Diskussionen beleuchtet das Kollektiv die vielf\u00e4ltigen Facetten des.\" \/>\n<meta property=\"og:url\" content=\"http:\/\/miradasfeministas.com\/index.php\/nosotras-nos-wir\/\" \/>\n<meta property=\"og:site_name\" content=\"Miradas Feministas\" \/>\n<meta name=\"twitter:card\" content=\"summary_large_image\" \/>\n<meta name=\"twitter:label1\" content=\"Est. reading time\" \/>\n\t<meta name=\"twitter:data1\" content=\"2 minutes\" \/>\n<script type=\"application\/ld+json\" class=\"yoast-schema-graph\">{\"@context\":\"https:\/\/schema.org\",\"@graph\":[{\"@type\":\"WebPage\",\"@id\":\"http:\/\/miradasfeministas.com\/index.php\/nosotras-nos-wir\/\",\"url\":\"http:\/\/miradasfeministas.com\/index.php\/nosotras-nos-wir\/\",\"name\":\"Nosotras | N\u00f3s | Wir - Miradas Feministas\",\"isPartOf\":{\"@id\":\"http:\/\/miradasfeministas.com\/#website\"},\"datePublished\":\"2024-08-22T16:38:20+00:00\",\"dateModified\":\"2024-08-22T16:38:20+00:00\",\"breadcrumb\":{\"@id\":\"http:\/\/miradasfeministas.com\/index.php\/nosotras-nos-wir\/#breadcrumb\"},\"inLanguage\":\"en-US\",\"potentialAction\":[{\"@type\":\"ReadAction\",\"target\":[\"http:\/\/miradasfeministas.com\/index.php\/nosotras-nos-wir\/\"]}]},{\"@type\":\"BreadcrumbList\",\"@id\":\"http:\/\/miradasfeministas.com\/index.php\/nosotras-nos-wir\/#breadcrumb\",\"itemListElement\":[{\"@type\":\"ListItem\",\"position\":1,\"name\":\"In\u00edcio\",\"item\":\"http:\/\/miradasfeministas.com\/\"},{\"@type\":\"ListItem\",\"position\":2,\"name\":\"Nosotras | N\u00f3s | Wir\"}]},{\"@type\":\"WebSite\",\"@id\":\"http:\/\/miradasfeministas.com\/#website\",\"url\":\"http:\/\/miradasfeministas.com\/\",\"name\":\"Miradas Feministas\",\"description\":\"\",\"potentialAction\":[{\"@type\":\"SearchAction\",\"target\":{\"@type\":\"EntryPoint\",\"urlTemplate\":\"http:\/\/miradasfeministas.com\/?s={search_term_string}\"},\"query-input\":{\"@type\":\"PropertyValueSpecification\",\"valueRequired\":true,\"valueName\":\"search_term_string\"}}],\"inLanguage\":\"en-US\"}]}<\/script>\n<!-- \/ Yoast SEO plugin. -->","yoast_head_json":{"title":"Nosotras | N\u00f3s | Wir - Miradas Feministas","robots":{"index":"index","follow":"follow","max-snippet":"max-snippet:-1","max-image-preview":"max-image-preview:large","max-video-preview":"max-video-preview:-1"},"canonical":"http:\/\/miradasfeministas.com\/index.php\/nosotras-nos-wir\/","og_locale":"en_US","og_type":"article","og_title":"Nosotras | N\u00f3s | Wir - Miradas Feministas","og_description":"Das feministische Kollektiv Miradas Feministas ist seit 2018 als Diskussionsgruppe zu feministischen Themen im lateinamerikanischen Kontext aktiv. Mit regelm\u00e4\u00dfigen Treffen und Diskussionen beleuchtet das Kollektiv die vielf\u00e4ltigen Facetten des.","og_url":"http:\/\/miradasfeministas.com\/index.php\/nosotras-nos-wir\/","og_site_name":"Miradas Feministas","twitter_card":"summary_large_image","twitter_misc":{"Est. reading time":"2 minutes"},"schema":{"@context":"https:\/\/schema.org","@graph":[{"@type":"WebPage","@id":"http:\/\/miradasfeministas.com\/index.php\/nosotras-nos-wir\/","url":"http:\/\/miradasfeministas.com\/index.php\/nosotras-nos-wir\/","name":"Nosotras | N\u00f3s | Wir - Miradas Feministas","isPartOf":{"@id":"http:\/\/miradasfeministas.com\/#website"},"datePublished":"2024-08-22T16:38:20+00:00","dateModified":"2024-08-22T16:38:20+00:00","breadcrumb":{"@id":"http:\/\/miradasfeministas.com\/index.php\/nosotras-nos-wir\/#breadcrumb"},"inLanguage":"en-US","potentialAction":[{"@type":"ReadAction","target":["http:\/\/miradasfeministas.com\/index.php\/nosotras-nos-wir\/"]}]},{"@type":"BreadcrumbList","@id":"http:\/\/miradasfeministas.com\/index.php\/nosotras-nos-wir\/#breadcrumb","itemListElement":[{"@type":"ListItem","position":1,"name":"In\u00edcio","item":"http:\/\/miradasfeministas.com\/"},{"@type":"ListItem","position":2,"name":"Nosotras | N\u00f3s | Wir"}]},{"@type":"WebSite","@id":"http:\/\/miradasfeministas.com\/#website","url":"http:\/\/miradasfeministas.com\/","name":"Miradas Feministas","description":"","potentialAction":[{"@type":"SearchAction","target":{"@type":"EntryPoint","urlTemplate":"http:\/\/miradasfeministas.com\/?s={search_term_string}"},"query-input":{"@type":"PropertyValueSpecification","valueRequired":true,"valueName":"search_term_string"}}],"inLanguage":"en-US"}]}},"_links":{"self":[{"href":"http:\/\/miradasfeministas.com\/index.php\/wp-json\/wp\/v2\/pages\/5813","targetHints":{"allow":["GET"]}}],"collection":[{"href":"http:\/\/miradasfeministas.com\/index.php\/wp-json\/wp\/v2\/pages"}],"about":[{"href":"http:\/\/miradasfeministas.com\/index.php\/wp-json\/wp\/v2\/types\/page"}],"author":[{"embeddable":true,"href":"http:\/\/miradasfeministas.com\/index.php\/wp-json\/wp\/v2\/users\/1"}],"replies":[{"embeddable":true,"href":"http:\/\/miradasfeministas.com\/index.php\/wp-json\/wp\/v2\/comments?post=5813"}],"version-history":[{"count":1,"href":"http:\/\/miradasfeministas.com\/index.php\/wp-json\/wp\/v2\/pages\/5813\/revisions"}],"predecessor-version":[{"id":5815,"href":"http:\/\/miradasfeministas.com\/index.php\/wp-json\/wp\/v2\/pages\/5813\/revisions\/5815"}],"wp:attachment":[{"href":"http:\/\/miradasfeministas.com\/index.php\/wp-json\/wp\/v2\/media?parent=5813"}],"curies":[{"name":"wp","href":"https:\/\/api.w.org\/{rel}","templated":true}]}}